97 and 257.
257
Calculate the greatest common factor of 869565024 and 4320.
864
Calculate the greatest common divisor of 6324 and 102456705.
1581
What is the highest common divisor of 117484 and 2532291?
1277
Calculate the greatest common factor of 2146 and 11780467.
1073
Calculate the greatest common divisor of 160728 and 4243002.
1086
What is the highest common divisor of 211700 and 104901?
73
What is the highest common factor of 185678929 and 503?
503
What is the highest common divisor of 2287 and 159660044?
2287
Calculate the highest common divisor of 4677 and 2454.
3
What is the highest common divisor of 638 and 10608722?
58
Calculate the highest common divisor of 283424 and 3400.
136
Calculate the highest common factor of 9190480 and 240.
80
What is the greatest common divisor of 742 and 2943143?
371
What is the highest common divisor of 668 and 2977777?
167
Calculate the highest common factor of 24433246 and 1168.
146
What is the greatest common factor of 58605143 and 501?
167
Calculate the greatest common factor of 389419 and 35343.
17
Calculate the highest common factor of 8118269 and 7484.
1871
What is the highest common divisor of 402984560 and 14163?
4721
What is the highest common divisor of 765 and 2662115?
85
What is the highest common divisor of 1132923 and 4235?
121
What is the greatest common divisor of 2376 and 2247048?
216
What is the greatest common divisor of 197182656 and 180?
36
What is the greatest common factor of 34872338 and 18802?
2686
What is the highest common divisor of 1214096 and 12149072?
2704
Calculate the greatest common factor of 46322 and 507528.
2014
What is the highest common factor of 917072 and 37232?
208
Calculate the greatest common divisor of 19415641 and 3668.
917
What is the highest common factor of 436297894 and 102?
34
What is the greatest common divisor of 11728 and 74755738?
1466
What is the greatest common divisor of 103334 and 223870?
122
What is the greatest common divisor of 16252 and 10193828?
956
Calculate the greatest common factor of 1638 and 52086762.
1638
What is the greatest common factor of 1030 and 12408822?
206
What is the greatest common divisor of 214174 and 152274?
1238
Calculate the greatest common factor of 31229 and 1657381.
187
What is the highest common factor of 2492641 and 57721?
197
What is the highest common factor of 1876 and 1705508?
28
Calculate the highest common factor of 11272518 and 558.
18
What is the highest common factor of 230 and 122901650?
230
Calculate the highest common divisor of 53724758 and 661.
661
Calculate the highest common factor of 7889 and 592480.
161
Calculate the greatest common factor of 3231710 and 21170.
730
What is the greatest common divisor of 195 and 1908205?
65
Calculate the greatest common factor of 8381 and 4206684.
289
What is the greatest common divisor of 2626656 and 15?
3
What is the greatest common divisor of 2490458 and 13938?
202
Calculate the highest common factor of 1525430 and 214240.
1030
What is the highest common factor of 5863235 and 1645?
35
What is the highest common factor of 23551317 and 10431?
171
Calculate the greatest common factor of 2510 and 681598030.
2510
Calculate the greatest common divisor of 240575 and 200.
25
What is the greatest common factor of 5784 and 23101778?
482
What is the greatest common factor of 477033655 and 1855?
1855
Calculate the greatest common divisor of 1392 and 52766718.
174
Calculate the greatest common divisor of 67 and 3911.
1
Calculate the highest common factor of 17340272 and 18944.
592
What is the greatest common factor of 741 and 3740699157?
741
What is the highest common divisor of 14398 and 2585936?
46
Calculate the highest common factor of 73087360 and 640.
640
What is the greatest common factor of 17868 and 21888?
12
What is the highest common divisor of 10377106 and 238?
34
What is the highest common divisor of 7 and 12570971?
7
What is the greatest common factor of 80 and 508856368?
16
What is the highest common factor of 43040081 and 7791?
2597
What is the highest common factor of 35731767 and 939?
939
What is the highest common divisor of 35 and 4735855?
5
Calculate the highest common factor of 28 and 713498492.
28
What is the greatest common factor of 7002900 and 1922?
62
What is the greatest common divisor of 138040 and 19568040?
1160
Calculate the highest common factor of 10032820 and 420.
140
What is the greatest common factor of 228897584 and 16?
16
Calculate the greatest common factor of 1080 and 13680580.
20
What is the greatest common factor of 755 and 1376365?
755
What is the highest common divisor of 20916497 and 7?
7
Calculate the greatest common divisor of 75 and 1859700.
75
Calculate the greatest common factor of 3908897 and 17878.
1277
What is the highest common factor of 1178846735 and 2662?
1331
Calculate the highest common factor of 39101994 and 6858.
54
What is the greatest common divisor of 4818279 and 205?
41
What is the greatest common factor of 7526 and 609023?
53
What is the highest common divisor of 94723409 and 165?
11
What is the greatest common factor of 29868 and 18217908?
1572
Calculate the greatest common factor of 26202579 and 15098.
7549
Calculate the greatest common factor of 127186 and 6650.
38
What is the greatest common divisor of 6017135 and 123005?
1685
Calculate the highest common factor of 28746 and 485114302.
3194
Calculate the greatest common divisor of 12944 and 7648.
16
What is the greatest common factor of 432 and 22718160?
144
Calculate the highest common factor of 42180877 and 29.
29
What is the greatest common factor of 14935 and 63240764?
2987
What is the highest common factor of 3940883 and 8549?
103
Calculate the greatest common factor of 147839 and 4693.
19
What is the highest common factor of 94380 and 952875?
1815
Calculate the greatest common factor of 1106 and 4528201790.
1106
What is the greatest common divisor of 64605 and 28851?
177
What is the greatest common divisor of 693 and 65339127?
63
What is the greatest common divisor of 5793648 and 178044?
4812
What is the highest common divisor of 913331 and 5?
1
What is the greatest common factor of 12441 and 524435043?
957
What is the greatest common factor of 7776 and 65471976?
1944
Calculate the highest common divisor of 19984 and 22640.
16
Calculate the highest common divisor of 7652610 and 166009.
4049
What is the highest common divisor of 333 and 11312784?
9
Calculate the highest common factor of 1157 and 26223583.
89
Calculate the highest common factor of 984 and 28008822.
246
What is the greatest common factor of 1733841 and 1953?
9
Calculate the highest common divisor of 849851 and 1691.
19
What is the highest common divisor of 3174522 and 12?
6
Calculate the highest common factor of 5 and 41849165.
5
What is the greatest common factor of 2336850 and 32889?
1731
Calculate the highest common divisor of 13 and 71387537.
13
Calculate the highest common divisor of 646 and 6803026.
646
Calculate the highest common factor of 359179900 and 60.
20
Calculate the greatest common factor of 3882 and 14529032.
1294
Calculate the greatest common factor of 184149295 and 106.
53
What is the highest common factor of 14 and 206361316?
14
Calculate the highest common divisor of 820824114 and 508.
254
What is the greatest common factor of 417880 and 1850130?
3370
What is the greatest common factor of 62135627 and 299?
23
Calculate the highest common factor of 3490917 and 759.
69
Calculate the greatest common divisor of 55890134 and 3116.
1558
What is the highest common factor of 525123 and 157753?
2161
What is the highest common divisor of 13120180 and 530?
10
Calculate the greatest common factor of 944 and 145999748.
236
Calculate the greatest common divisor of 1211885 and 10.
5
What is the highest common divisor of 1194030 and 900?
90
What is the greatest common factor of 18464127 and 41943?
1023
What is the greatest common divisor of 11460 and 906420?
60
Calculate the greatest common divisor of 1684104 and 8507.
47
Calculate the greatest common factor of 6865313 and 962.
481
Calculate the highest common factor of 5512 and 341585.
53
What is the highest common divisor of 267056 and 1894?
2
Calculate the highest common divisor of 32 and 66420096.
32
Calculate the greate